{"id":114,"date":"2023-10-24T12:35:36","date_gmt":"2023-10-24T15:35:36","guid":{"rendered":"https:\/\/bvs-psi2.mdp.edu.ar\/?page_id=114"},"modified":"2024-07-19T17:34:09","modified_gmt":"2024-07-19T20:34:09","slug":"codigos-de-etica","status":"publish","type":"page","link":"https:\/\/bvs-psi.mdp.edu.ar\/?page_id=114","title":{"rendered":"C\u00f3digos de \u00e9tica"},"content":{"rendered":"\n<h5 class=\"wp-block-heading\"><a href=\"https:\/\/bvs-psi.mdp.edu.ar\/wp-content\/uploads\/2024\/07\/cba_psico.pdf\" target=\"_blank\" rel=\"noreferrer noopener\">C\u00f3digo de Etica. C\u00f3rdoba<\/a><\/h5>\n\n\n\n<h5 class=\"wp-block-heading\"><a href=\"https:\/\/bvs-psi.mdp.edu.ar\/wp-content\/uploads\/2024\/07\/Codigo-Etica-aprobado-Res_1670_20-1-1.pdf\" target=\"_blank\" rel=\"noreferrer noopener\">C\u00f3digo de Etica del Colegio de Psic\u00f3logos de la Provincia de Buenos Aires<\/a><\/h5>\n\n\n\n<h5 class=\"wp-block-heading\"><a href=\"https:\/\/bvs-psi.mdp.edu.ar\/wp-content\/uploads\/2024\/07\/Codigo-de-Etica-COPSISE.pdf\" target=\"_blank\" rel=\"noreferrer noopener\">C\u00f3digo de Etica del Colegio. Santiago del Estero<\/a><\/h5>\n\n\n\n<h5 class=\"wp-block-heading\"><a href=\"https:\/\/bvs-psi.mdp.edu.ar\/wp-content\/uploads\/2024\/07\/C_ETICA_FEPRA_REFORMADO.pdf\" target=\"_blank\" rel=\"noreferrer noopener\">C\u00f3digo de Etica FEPRA<\/a><\/h5>\n\n\n\n<h5 class=\"wp-block-heading\"><a href=\"https:\/\/bvs-psi.mdp.edu.ar\/wp-content\/uploads\/2024\/07\/codigo_etica_psicodiagnosticador.pdf\" target=\"_blank\" rel=\"noreferrer noopener\">C\u00f3digo de Etica del Psicodiagnosticador<\/a><\/h5>\n\n\n\n<h5 class=\"wp-block-heading\"><a href=\"https:\/\/bvs-psi.mdp.edu.ar\/wp-content\/uploads\/2024\/07\/pautas-internacionales.pdf\" target=\"_blank\" rel=\"noreferrer noopener\">Pautas Internacionales para el uso de los Tests<\/a><\/h5>\n\n\n\n<h5 class=\"wp-block-heading\"><a href=\"https:\/\/bvs-psi.mdp.edu.ar\/wp-content\/uploads\/2024\/07\/pautas-psicodiagnostico-forense_compress.pdf\" target=\"_blank\" rel=\"noreferrer noopener\">Pautas para el Psicodiagn\u00f3stico Forense. Consideraciones sobre el uso de los Tests en el \u00e1mbito forense<\/a><\/h5>\n","protected":false},"excerpt":{"rendered":"<p>C\u00f3digo de Etica. C\u00f3rdoba C\u00f3digo de Etica del Colegio de Psic\u00f3logos de la Provincia de Buenos Aires C\u00f3digo de Etica del Colegio. Santiago del Estero C\u00f3digo de Etica FEPRA C\u00f3digo de Etica del Psicodiagnosticador Pautas Internacionales para el uso de los Tests Pautas para el Psicodiagn\u00f3stico Forense. Consideraciones sobre el uso de los Tests en el \u00e1mbito forense<\/p>\n","protected":false},"author":1,"featured_media":0,"parent":0,"menu_order":0,"comment_status":"closed","ping_status":"closed","template":"","meta":{"footnotes":""},"class_list":["post-114","page","type-page","status-publish","hentry","clearfix"],"_links":{"self":[{"href":"https:\/\/bvs-psi.mdp.edu.ar\/index.php?rest_route=\/wp\/v2\/pages\/114","targetHints":{"allow":["GET"]}}],"collection":[{"href":"https:\/\/bvs-psi.mdp.edu.ar\/index.php?rest_route=\/wp\/v2\/pages"}],"about":[{"href":"https:\/\/bvs-psi.mdp.edu.ar\/index.php?rest_route=\/wp\/v2\/types\/page"}],"author":[{"embeddable":true,"href":"https:\/\/bvs-psi.mdp.edu.ar\/index.php?rest_route=\/wp\/v2\/users\/1"}],"replies":[{"embeddable":true,"href":"https:\/\/bvs-psi.mdp.edu.ar\/index.php?rest_route=%2Fwp%2Fv2%2Fcomments&post=114"}],"version-history":[{"count":15,"href":"https:\/\/bvs-psi.mdp.edu.ar\/index.php?rest_route=\/wp\/v2\/pages\/114\/revisions"}],"predecessor-version":[{"id":1298,"href":"https:\/\/bvs-psi.mdp.edu.ar\/index.php?rest_route=\/wp\/v2\/pages\/114\/revisions\/1298"}],"wp:attachment":[{"href":"https:\/\/bvs-psi.mdp.edu.ar\/index.php?rest_route=%2Fwp%2Fv2%2Fmedia&parent=114"}],"curies":[{"name":"wp","href":"https:\/\/api.w.org\/{rel}","templated":true}]}}