{"id":70,"date":"2023-10-24T11:13:34","date_gmt":"2023-10-24T14:13:34","guid":{"rendered":"https:\/\/bvs-psi2.mdp.edu.ar\/?page_id=70"},"modified":"2024-10-04T14:25:25","modified_gmt":"2024-10-04T17:25:25","slug":"bvs-en-argentina","status":"publish","type":"page","link":"https:\/\/bvs-psi.mdp.edu.ar\/?page_id=70","title":{"rendered":"BvS en Argentina"},"content":{"rendered":"\n<h3 class=\"wp-block-heading\"><strong>Presentaci\u00f3n<\/strong><\/h3>\n\n\n\n<p>La&nbsp;<a href=\"https:\/\/www.bvsalud.org\/\" target=\"_blank\" rel=\"noreferrer noopener\"><strong>Biblioteca Virtual de Salud (BVS)<\/strong><\/a>&nbsp;se estableci\u00f3 en 1998 c\u00f3mo modelo, estrategia y plataforma operacional de cooperaci\u00f3n t\u00e9cnica de la&nbsp;<a href=\"https:\/\/www.paho.org\/es\" target=\"_blank\" rel=\"noreferrer noopener\"><strong>Organizaci\u00f3n Panamericana de la Salud (OPS)<\/strong><\/a>&nbsp;para gesti\u00f3n de la informaci\u00f3n y conocimiento en salud en la Regi\u00f3n del Am\u00e9rica Latina y el Caribe. Es el espacio de integraci\u00f3n de fuentes de informaci\u00f3n en salud que promueve la democratizaci\u00f3n y ampliaci\u00f3n del acceso a la informaci\u00f3n cient\u00edfica y t\u00e9cnica en salud.<\/p>\n\n\n\n<p>BVS es una Red de Redes construida colectivamente y coordinada por el&nbsp;<a href=\"https:\/\/www.paho.org\/es\/bireme\" target=\"_blank\" rel=\"noreferrer noopener\"><strong>Centro Latinoamericano y del Caribe de Informaci\u00f3n en Ciencias de la Salud (BIREME)<\/strong><\/a>&nbsp;a nivel regional y por la Representaci\u00f3n de la OPS en Argentina en el \u00e1mbito nacional.<\/p>\n\n\n\n<p>La BVS Argentina brinda acceso y visibilidad a la literatura cient\u00edfico t\u00e9cnica en salud a nivel nacional a trav\u00e9s de la base de datos&nbsp;<a href=\"https:\/\/pesquisa.bvsalud.org\/portal\/?lang=es&amp;fb=&amp;q=&amp;skfp=true&amp;filter%5Bdb%5D%5B%5D=BINACIS&amp;range_year_start=&amp;range_year_end=\" target=\"_blank\" rel=\"noreferrer noopener\"><strong>BINACIS \u2013 Bibliograf\u00eda Nacional en Ciencias de la Salud (BINACIS)<\/strong><\/a>. Integra los registros bibliogr\u00e1ficos publicados en la Rep\u00fablica Argentina, de las unidades de informaci\u00f3n que participan en la&nbsp;<a href=\"https:\/\/argentina.bvsalud.org\/renics\/\" target=\"_blank\" rel=\"noreferrer noopener\"><strong>Red Nacional de Informaci\u00f3n en Ciencias de la Salud (RENICS)<\/strong><\/a>. Incluye: libros, tesis, art\u00edculos de revistas, trabajos en conferencias, videos y CD-ROM, es decir, todo tipo de soporte de los fondos documentales de las bibliotecas.<\/p>\n\n\n\n<p>BINACIS cuenta con 202 mil registros bibliogr\u00e1ficos que incluyen m\u00e1s de 14 mil textos completos de acceso libre y gratuito al 1 de agosto de 2021.<\/p>\n\n\n\n<hr class=\"wp-block-separator has-alpha-channel-opacity\"\/>\n\n\n\n<h3 class=\"wp-block-heading\"><strong>Antecedentes<\/strong><\/h3>\n\n\n\n<p>La Representaci\u00f3n OPS\/OMS en Argentina apoya la propuesta de construcci\u00f3n de la Biblioteca Virtual en Salud (BVS) que BIREME y el Sistema Latinoamericano y del Caribe de Informaci\u00f3n en ciencias de la Salud, han puesto en marcha a partir de la Declaraci\u00f3n de San Jos\u00e9 hacia la Biblioteca Virtual en Salud, en marzo de 1998.<\/p>\n\n\n\n<blockquote class=\"wp-block-quote is-layout-flow wp-block-quote-is-layout-flow\">\n<p>Como parte de la cooperaci\u00f3n t\u00e9cnica que la Representaci\u00f3n OPS\/OMS brinda a Argentina, continuamos apoyando la propuesta de desarrollo de la Biblioteca Virtual en Salud (BVS) que BIREME y el Sistema Latinoamericano y del Caribe de Informaci\u00f3n en Ciencias de la Salud, han puesto en marcha con la Declaraci\u00f3n de San Jos\u00e9 hacia la Biblioteca Virtual en Salud, en marzo de 1998.<\/p>\n<\/blockquote>\n\n\n\n<p>Con la aprobaci\u00f3n por parte de los Cuerpos Directivos de OPS\/OMS de la Estrategia de Gesti\u00f3n del Conocimiento y Comunicaciones en 2011, esta Representaci\u00f3n fortalece la promoci\u00f3n, asesoramiento, cooperaci\u00f3n y acciones que involucran el acceso abierto en l\u00ednea, gratuito y en texto completo de bibliograf\u00eda en ciencias de la salud producida en el pa\u00eds, facilitando su uso en los procesos de toma de decisi\u00f3n en materia de salud, la investigaci\u00f3n cient\u00edfica y la atenci\u00f3n de la salud, generando un espacio de interacci\u00f3n y conocimiento de los usuarios con redes y sistemas de informaci\u00f3n.<\/p>\n\n\n\n<p>Adem\u00e1s de la construcci\u00f3n de la BVS Argentina por parte de OPS\/OMS, hemos logrado colaborar con el trabajo descentralizado de distintas iniciativas de bibliotecas virtuales.<\/p>\n\n\n\n<p>A nivel nacional, se formaliza la BVS del Ministerio de Salud, un esperado reto iniciado por la Direcci\u00f3n de Epidemiolog\u00eda de dicha entidad. En el \u00e1mbito provincial, el Ministerio de Salud de Entre R\u00edos junto a la Universidad Aut\u00f3noma consolidan la BVS Entre R\u00edos, mientras que el Centro de Informaci\u00f3n Biom\u00e9dica del Chaco y el Ministerio de Salud de la Provincia de Buenos Aires comienzan las gestiones para inaugurar sus espacios virtuales.<\/p>\n\n\n\n<p>Las iniciativas tem\u00e1ticas en desarrollo en el pa\u00eds tambi\u00e9n acompa\u00f1an la construcci\u00f3n de sus pares regionales, como es el caso de la BVS de Historia y Patrimonio Cultural de la Salud, Pediatr\u00eda y Psicolog\u00eda. En el caso de la BVS Psicoan\u00e1lisis, se trata de un desarrollo latinoamericano gestionado directamente desde nuestro pa\u00eds. Contin\u00faa en constante perfeccionamiento el banco de datos en texto completo sobre informaci\u00f3n legislativa-LEGISALUD y se ha inaugurado la base de datos de los informes de las becas Carrillo-O\u00f1ativia disponibles a trav\u00e9s de la Comisi\u00f3n Nacional Salud Investiga del Ministerio de Salud de la Naci\u00f3n.<\/p>\n\n\n\n<p>Estas iniciativas, junto a las hist\u00f3ricas bases de la Bibliograf\u00eda Nacional en Ciencias de la Salud (BINACIS) y la Uni\u00f3n de bases de datos en Ciencias de la Salud (UNISALUD), alimentadas por los centros cooperantes de la Red Nacional de Informaci\u00f3n en Ciencias de la Salud (RENICS), crean un marco que nos entusiasma para continuar en la direcci\u00f3n iniciada en 2001.<\/p>\n\n\n\n<h6 class=\"wp-block-heading\"><strong>Lic. Susana Catalina Iannello.<\/strong><br>Coordinadora del Centro de Gesti\u00f3n del Conocimiento OPS\/OMS en Argentina.<br>Coordinaci\u00f3n Biblioteca Virtual en Salud de Argentina.<br>Secretar\u00eda Ejecutiva del Comit\u00e9 Consultivo BVS-Argentina.<br>(2013)<\/h6>\n\n\n\n<hr class=\"wp-block-separator has-alpha-channel-opacity\"\/>\n\n\n\n<p>La Representaci\u00f3n OPS\/OMS en Argentina apoya la propuesta de construcci\u00f3n de la Biblioteca Virtual en Salud (BVS) que BIREME y el Sistema Latinoamericano y del Caribe de Informaci\u00f3n en ciencias de la Salud, han puesto en marcha a partir de la Declaraci\u00f3n de San Jos\u00e9 hacia la Biblioteca Virtual en Salud, en marzo de 1998.<\/p>\n\n\n\n<blockquote class=\"wp-block-quote is-layout-flow wp-block-quote-is-layout-flow\">\n<p>La construcci\u00f3n de la BVS se constituye en un proyecto de transformaci\u00f3n radical, que representa una expansi\u00f3n del modelo actual de cooperaci\u00f3n t\u00e9cnica en materia de informaci\u00f3n en ciencias de la salud a los Estados Miembros.<\/p>\n<\/blockquote>\n\n\n\n<p>Integrado a la BVS Regional y fortaleciendo el trabajo de la Red Nacional de Informaci\u00f3n en Ciencias de la Salud RENICS, la Representaci\u00f3n OPS\/OMS en Argentina, inici\u00f3 el cap\u00edtulo de la BVS Argentina, para promover el acceso en l\u00ednea a informaci\u00f3n en ciencias de la salud producida en el pa\u00eds, facilitando su uso en los procesos de toma de decisi\u00f3n en materia de salud y generando un espacio de interacci\u00f3n del usuario con redes, sistemas de informaci\u00f3n y con otros usuarios.<\/p>\n\n\n\n<p>La BVS se constituye en un espacio virtual donde podr\u00e1n consultarse bases de datos bibliogr\u00e1ficas, directorios, indicadores de salud, tesauros, reuniones virtuales y herramientas de capacitaci\u00f3n para usuarios, bajo una visi\u00f3n inclusiva de diferentes productos y servicios ya generados en el pa\u00eds por la RENICS, y realineados para su inclusi\u00f3n en la BVS.<\/p>\n\n\n\n<p>Tambi\u00e9n se ir\u00e1n desarrollando Bibliotecas Virtuales Especializadas, las que contemplar\u00e1n las experiencias ya iniciadas en las diversas instituciones que tratan temas espec\u00edficos en ciencias de la salud.<\/p>\n\n\n\n<h6 class=\"wp-block-heading\"><strong><br>Dr. Jos\u00e9 Antonio Pag\u00e9s.<br><\/strong>Representante OPS\/OMS en Argentina.<br>(2011)<\/h6>\n\n\n\n<h6 class=\"wp-block-heading\"><a href=\"https:\/\/argentina.bvsalud.org\/\" target=\"_blank\" rel=\"noreferrer noopener\">https:\/\/argentina.bvsalud.org\/<\/a><\/h6>\n","protected":false},"excerpt":{"rendered":"<p>Presentaci\u00f3n La&nbsp;Biblioteca Virtual de Salud (BVS)&nbsp;se estableci\u00f3 en 1998 c\u00f3mo modelo, estrategia y plataforma operacional de cooperaci\u00f3n t\u00e9cnica de la&nbsp;Organizaci\u00f3n Panamericana de la Salud (OPS)&nbsp;para gesti\u00f3n de la informaci\u00f3n y conocimiento en salud en la Regi\u00f3n del Am\u00e9rica Latina y el Caribe. Es el espacio de integraci\u00f3n de fuentes de informaci\u00f3n en salud que promueve la democratizaci\u00f3n y ampliaci\u00f3n del acceso a la informaci\u00f3n cient\u00edfica&hellip; <\/p>\n","protected":false},"author":1,"featured_media":0,"parent":0,"menu_order":0,"comment_status":"closed","ping_status":"closed","template":"","meta":{"footnotes":""},"class_list":["post-70","page","type-page","status-publish","hentry","clearfix"],"_links":{"self":[{"href":"https:\/\/bvs-psi.mdp.edu.ar\/index.php?rest_route=\/wp\/v2\/pages\/70","targetHints":{"allow":["GET"]}}],"collection":[{"href":"https:\/\/bvs-psi.mdp.edu.ar\/index.php?rest_route=\/wp\/v2\/pages"}],"about":[{"href":"https:\/\/bvs-psi.mdp.edu.ar\/index.php?rest_route=\/wp\/v2\/types\/page"}],"author":[{"embeddable":true,"href":"https:\/\/bvs-psi.mdp.edu.ar\/index.php?rest_route=\/wp\/v2\/users\/1"}],"replies":[{"embeddable":true,"href":"https:\/\/bvs-psi.mdp.edu.ar\/index.php?rest_route=%2Fwp%2Fv2%2Fcomments&post=70"}],"version-history":[{"count":12,"href":"https:\/\/bvs-psi.mdp.edu.ar\/index.php?rest_route=\/wp\/v2\/pages\/70\/revisions"}],"predecessor-version":[{"id":1671,"href":"https:\/\/bvs-psi.mdp.edu.ar\/index.php?rest_route=\/wp\/v2\/pages\/70\/revisions\/1671"}],"wp:attachment":[{"href":"https:\/\/bvs-psi.mdp.edu.ar\/index.php?rest_route=%2Fwp%2Fv2%2Fmedia&parent=70"}],"curies":[{"name":"wp","href":"https:\/\/api.w.org\/{rel}","templated":true}]}}