{"id":85,"date":"2023-10-24T11:45:31","date_gmt":"2023-10-24T14:45:31","guid":{"rendered":"https:\/\/bvs-psi2.mdp.edu.ar\/?page_id=85"},"modified":"2024-11-21T15:38:19","modified_gmt":"2024-11-21T18:38:19","slug":"censo-de-psicologos-en-argentina","status":"publish","type":"page","link":"https:\/\/bvs-psi.mdp.edu.ar\/?page_id=85","title":{"rendered":"Censo de Psic\u00f3logos en Argentina"},"content":{"rendered":"\n<h4 class=\"wp-block-heading\"><strong><a rel=\"noreferrer noopener\" href=\"https:\/\/bvs-psi.mdp.edu.ar\/wp-content\/uploads\/2024\/11\/2019_DISTR_OCUPAC_PSI_ARG.pdf\" target=\"_blank\">Relevamiento cuantitativo 2019<\/a><\/strong><\/h4>\n\n\n\n<p>Los psic\u00f3logos en Argentina Informaci\u00f3n actualizada por Modesto Alonso, Dom\u00e9nica Klinar y Paula Gago al 29 de noviembre de 2019 (UBA. Facultad de Psicolog\u00eda).<\/p>\n\n\n\n<hr class=\"wp-block-separator has-alpha-channel-opacity\"\/>\n\n\n\n<h4 class=\"wp-block-heading\"><strong><a rel=\"noreferrer noopener\" href=\"https:\/\/bvs-psi.mdp.edu.ar\/wp-content\/uploads\/2024\/11\/2018_ALONSO_GAGO_KLINAR_DISTR_OCUP_PSI_POSTER.pdf\" target=\"_blank\">Relevamiento cuantitativo 2018<\/a><\/strong><\/h4>\n\n\n\n<p>Los psic\u00f3logos en Argentina Informaci\u00f3n actualizada por Modesto Alonso, Dom\u00e9nica Klinar y Paula Gago al 01 de diciembre de 2018 (UBA. Facultad de Psicolog\u00eda).<\/p>\n\n\n\n<hr class=\"wp-block-separator has-alpha-channel-opacity\"\/>\n\n\n\n<h4 class=\"wp-block-heading\"><strong><a rel=\"noreferrer noopener\" href=\"https:\/\/bvs-psi.mdp.edu.ar\/wp-content\/uploads\/2024\/04\/Censo-Psicologos-2017.pdf\" target=\"_blank\">Relevamiento cuantitativo 2017<\/a><\/strong><\/h4>\n\n\n\n<p>Los psic\u00f3logos en Argentina Informaci\u00f3n actualizada por Modesto Alonso y Dom\u00e9nica Klinar al 02 de diciembre de 2017 (UBA. Facultad de Psicolog\u00eda).<\/p>\n\n\n\n<hr class=\"wp-block-separator has-alpha-channel-opacity\"\/>\n\n\n\n<h4 class=\"wp-block-heading\"><strong><a href=\"https:\/\/bvs-psi.mdp.edu.ar\/wp-content\/uploads\/2024\/11\/2015_PSI_ARG_PDF.pdf\" target=\"_blank\" rel=\"noreferrer noopener\">Relevamiento cuantitativo 2015<\/a><\/strong><\/h4>\n\n\n\n<p>Los psic\u00f3logos en Argentina Informaci\u00f3n actualizada por Modesto Alonso y Dom\u00e9nica Klinar al 26 de noviembre de 2016 (UBA. Facultad de Psicolog\u00eda).<\/p>\n\n\n\n<hr class=\"wp-block-separator has-alpha-channel-opacity\"\/>\n\n\n\n<h4 class=\"wp-block-heading\"><strong><a rel=\"noreferrer noopener\" href=\"https:\/\/bvs-psi.mdp.edu.ar\/wp-content\/uploads\/2024\/04\/Censo-Psicologos-2014.pdf\" target=\"_blank\">Relevamiento cuantitativo 2014<\/a><\/strong><\/h4>\n\n\n\n<p>Los psic\u00f3logos en Argentina Informaci\u00f3n actualizada por Modesto Alonso y Dom\u00e9nica Klinar al 05 de noviembre de 2015 (UBA. Facultad de Psicolog\u00eda).<\/p>\n\n\n\n<hr class=\"wp-block-separator has-alpha-channel-opacity\"\/>\n\n\n\n<h4 class=\"wp-block-heading\"><strong><a rel=\"noreferrer noopener\" href=\"https:\/\/bvs-psi.mdp.edu.ar\/wp-content\/uploads\/2024\/04\/Censo-Psicologos-2013.pdf\" target=\"_blank\">Relevamiento cuantitativo 2013<\/a><\/strong><\/h4>\n\n\n\n<p>Los psic\u00f3logos en Argentina. Informaci\u00f3n actualizada por Modesto Alonso y Dom\u00e9nica Klinar al 14 de noviembre de 2014 (UBA. Facultad de Psicolog\u00eda).<\/p>\n\n\n\n<hr class=\"wp-block-separator has-alpha-channel-opacity\"\/>\n\n\n\n<h4 class=\"wp-block-heading\"><strong><a rel=\"noreferrer noopener\" href=\"https:\/\/bvs-psi.mdp.edu.ar\/wp-content\/uploads\/2024\/04\/Censo-Psicologos-2012.pdf\" target=\"_blank\">Relevamiento cuantitativo 2012<\/a><\/strong><\/h4>\n\n\n\n<p>Los psic\u00f3logos en Argentina. Informaci\u00f3n actualizada por Modesto Alonso y Dom\u00e9nica Klinar al 15 de noviembre de 2013 (UBA. Facultad de Psicolog\u00eda).<\/p>\n\n\n\n<hr class=\"wp-block-separator has-alpha-channel-opacity\"\/>\n\n\n\n<h4 class=\"wp-block-heading\"><strong><a href=\"https:\/\/bvs-psi.mdp.edu.ar\/wp-content\/uploads\/2024\/11\/2011_PSIC-ARG-2011-POSTER-J-INV-2012-ALONSO-KLINAR-GAGO.pdf\" target=\"_blank\" rel=\"noreferrer noopener\">Relevamiento cuantitativo 2011<\/a><\/strong><\/h4>\n\n\n\n<p>Los psic\u00f3logos en Argentina. Informaci\u00f3n actualizada por Modesto Alonso, Dom\u00e9nica Klinar y Gago, Paula al 30 de noviembre de 2012 (UBA. Facultad de Psicolog\u00eda).<\/p>\n\n\n\n<hr class=\"wp-block-separator has-alpha-channel-opacity\"\/>\n\n\n\n<h4 class=\"wp-block-heading\"><strong><a href=\"https:\/\/bvs-psi.mdp.edu.ar\/wp-content\/uploads\/2024\/11\/2010_PSIC-ARG-2010-POSTER-J-INV-2011-ALONSO-KLINAR-GAGO.pdf\">Relevamiento cuantitativo 2010<\/a><\/strong><\/h4>\n\n\n\n<p>Los psic\u00f3logos en Argentina. Informaci\u00f3n actualizada por Modesto Alonso, Dom\u00e9nica Klinar y Gago, Paula al 25 de noviembre de 2011 (UBA. Facultad de Psicolog\u00eda).<\/p>\n\n\n\n<hr class=\"wp-block-separator has-alpha-channel-opacity\"\/>\n\n\n\n<h4 class=\"wp-block-heading\"><strong><a href=\"https:\/\/bvs-psi.mdp.edu.ar\/wp-content\/uploads\/2024\/11\/2008_PSIC-ARG-2008-POSTER-J-INV-2009-ALONSO-GAGO.pdf\">Relevamiento cuantitativo 2008<\/a><\/strong><\/h4>\n\n\n\n<p>Los psic\u00f3logos en Argentina. Informaci\u00f3n actualizada por Modesto Alonso y Gago, Paula al 08 de agosto de 2009 (UBA. Facultad de Psicolog\u00eda).<\/p>\n\n\n\n<hr class=\"wp-block-separator has-alpha-channel-opacity\"\/>\n\n\n\n<h4 class=\"wp-block-heading\"><strong><a href=\"https:\/\/bvs-psi.mdp.edu.ar\/wp-content\/uploads\/2024\/11\/2007_PSI-ARG-2007-ALONSO-GAGO-XV-JORN-INV-2008-POSTER.pdf\">Relevamiento cuantitativo 2007<\/a><\/strong><\/h4>\n\n\n\n<p>Los psic\u00f3logos en Argentina. Informaci\u00f3n actualizada por Modesto Alonso y Gago, Paula al 09 de agosto de 2008 (UBA. Facultad de Psicolog\u00eda).<\/p>\n\n\n\n<h4 class=\"wp-block-heading\"><strong><a href=\"https:\/\/bvs-psi.mdp.edu.ar\/wp-content\/uploads\/2024\/11\/2007_Distribucion_-Psicologos2007.pdf\">Distribuci\u00f3n Psic\u00f3logos 2007<\/a><\/strong><\/h4>\n\n\n\n<p>Distribucion geogr\u00e1fica y ocupacional de Psic\u00f3logos en Argentina, por Modesto Alonso y Gago, Paula, UBA 2007.<\/p>\n\n\n\n<hr class=\"wp-block-separator has-alpha-channel-opacity\"\/>\n\n\n\n<h4 class=\"wp-block-heading\"><strong><a href=\"https:\/\/bvs-psi.mdp.edu.ar\/wp-content\/uploads\/2024\/11\/2006_Psicologos2006_SanLuis_Poster.pdf\">Formacion y distribucion de Psicologos en la Argentina 2006<\/a><\/strong><\/h4>\n\n\n\n<p>Formaci\u00f3n y distribuci\u00f3n de Psic\u00f3logos en Argentina. Modesto Alonso y Gago, Paula. San Luis 2007<\/p>\n\n\n\n<hr class=\"wp-block-separator has-alpha-channel-opacity\"\/>\n\n\n\n<h4 class=\"wp-block-heading\"><strong><a href=\"https:\/\/bvs-psi.mdp.edu.ar\/wp-content\/uploads\/2024\/11\/2005_PSI-ARG-POSTER-30o-SIP-AGO-2005.pdf\">Psic\u00f3logos en la Rep\u00fablica Argentina 2005<\/a><\/strong><\/h4>\n\n\n\n<p>Informe Preliminar. Modesto, Alonso y Gago, Paula. 30\u00ba Congreso Interamericano de Psicolog\u00eda \u2013 Buenos Aires, Argentina &#8211; 2005<\/p>\n","protected":false},"excerpt":{"rendered":"<p>Relevamiento cuantitativo 2019 Los psic\u00f3logos en Argentina Informaci\u00f3n actualizada por Modesto Alonso, Dom\u00e9nica Klinar y Paula Gago al 29 de noviembre de 2019 (UBA. Facultad de Psicolog\u00eda). Relevamiento cuantitativo 2018 Los psic\u00f3logos en Argentina Informaci\u00f3n actualizada por Modesto Alonso, Dom\u00e9nica Klinar y Paula Gago al 01 de diciembre de 2018 (UBA. Facultad de Psicolog\u00eda). Relevamiento cuantitativo 2017 Los psic\u00f3logos en Argentina Informaci\u00f3n actualizada por Modesto&hellip; <\/p>\n","protected":false},"author":1,"featured_media":0,"parent":0,"menu_order":0,"comment_status":"closed","ping_status":"closed","template":"","meta":{"footnotes":""},"class_list":["post-85","page","type-page","status-publish","hentry","clearfix"],"_links":{"self":[{"href":"https:\/\/bvs-psi.mdp.edu.ar\/index.php?rest_route=\/wp\/v2\/pages\/85","targetHints":{"allow":["GET"]}}],"collection":[{"href":"https:\/\/bvs-psi.mdp.edu.ar\/index.php?rest_route=\/wp\/v2\/pages"}],"about":[{"href":"https:\/\/bvs-psi.mdp.edu.ar\/index.php?rest_route=\/wp\/v2\/types\/page"}],"author":[{"embeddable":true,"href":"https:\/\/bvs-psi.mdp.edu.ar\/index.php?rest_route=\/wp\/v2\/users\/1"}],"replies":[{"embeddable":true,"href":"https:\/\/bvs-psi.mdp.edu.ar\/index.php?rest_route=%2Fwp%2Fv2%2Fcomments&post=85"}],"version-history":[{"count":39,"href":"https:\/\/bvs-psi.mdp.edu.ar\/index.php?rest_route=\/wp\/v2\/pages\/85\/revisions"}],"predecessor-version":[{"id":2045,"href":"https:\/\/bvs-psi.mdp.edu.ar\/index.php?rest_route=\/wp\/v2\/pages\/85\/revisions\/2045"}],"wp:attachment":[{"href":"https:\/\/bvs-psi.mdp.edu.ar\/index.php?rest_route=%2Fwp%2Fv2%2Fmedia&parent=85"}],"curies":[{"name":"wp","href":"https:\/\/api.w.org\/{rel}","templated":true}]}}